 is the greatest common divisor of 148 and 185?
37
What is the greatest common factor of 179 and 2864?
179
What is the greatest common divisor of 264 and 297?
33
What is the highest common factor of 21 and 3?
3
What is the highest common factor of 66 and 24?
6
What is the highest common factor of 224 and 768?
32
Calculate the greatest common divisor of 38 and 52744.
38
What is the highest common divisor of 4968 and 23?
23
What is the greatest common divisor of 468 and 252?
36
What is the highest common factor of 47 and 1363?
47
What is the highest common factor of 1058 and 92?
46
Calculate the greatest common divisor of 2 and 214.
2
What is the highest common factor of 6666 and 66?
66
What is the highest common divisor of 10 and 10?
10
What is the highest common factor of 2 and 32?
2
What is the greatest common factor of 75 and 125?
25
What is the greatest common divisor of 240 and 32?
16
What is the highest common divisor of 212 and 3127?
53
What is the greatest common divisor of 797 and 2?
1
Calculate the highest common factor of 1926 and 54.
18
What is the greatest common factor of 13 and 1378?
13
Calculate the greatest common factor of 460 and 2415.
115
What is the highest common divisor of 128 and 20?
4
Calculate the highest common factor of 94 and 4.
2
Calculate the highest common factor of 1175 and 13865.
235
What is the highest common divisor of 149 and 1?
1
What is the greatest common divisor of 840 and 14?
14
What is the highest common divisor of 15868 and 4?
4
Calculate the highest common factor of 8989 and 202.
101
Calculate the greatest common factor of 147 and 21.
21
Calculate the highest common divisor of 2637 and 18.
9
What is the greatest common factor of 725 and 25?
25
Calculate the highest common divisor of 2816 and 96.
32
Calculate the greatest common factor of 172 and 23908.
172
Calculate the highest common divisor of 35 and 385.
35
What is the highest common factor of 615 and 15?
15
What is the highest common factor of 726 and 12?
6
Calculate the greatest common divisor of 42 and 1246.
14
Calculate the greatest common factor of 528 and 12540.
132
Calculate the greatest common divisor of 667 and 551.
29
Calculate the greatest common divisor of 80 and 1180.
20
Calculate the greatest common divisor of 735 and 30.
15
What is the highest common divisor of 14467 and 46?
23
What is the highest common factor of 266 and 70?
14
What is the highest common divisor of 5994 and 74?
74
What is the highest common factor of 185 and 26640?
185
Calculate the greatest common divisor of 2652 and 17.
17
What is the highest common divisor of 368 and 23?
23
Calculate the greatest common divisor of 7232 and 256.
64
Calculate the greatest common factor of 96 and 20.
4
What is the greatest common divisor of 35 and 252?
7
Calculate the highest common divisor of 72 and 3636.
36
Calculate the highest common factor of 24 and 1704.
24
What is the highest common factor of 74481 and 366?
183
What is the highest common factor of 793 and 13?
13
Calculate the highest common factor of 6414 and 24.
6
Calculate the highest common divisor of 6 and 48.
6
Calculate the greatest common factor of 406 and 154.
14
What is the greatest common divisor of 54 and 46?
2
Calculate the highest common divisor of 288 and 2712.
24
What is the highest common factor of 20 and 2980?
20
Calculate the highest common factor of 3664 and 56.
8
What is the highest common factor of 748 and 136?
68
What is the greatest common factor of 1176 and 5208?
168
Calculate the greatest common divisor of 10 and 11100.
10
Calculate the highest common factor of 160 and 288.
32
What is the greatest common divisor of 1224 and 272?
136
Calculate the highest common factor of 74 and 814.
74
Calculate the highest common divisor of 42 and 11907.
21
What is the greatest common factor of 62 and 4?
2
Calculate the greatest common divisor of 128 and 2016.
32
What is the greatest common divisor of 50 and 2050?
50
What is the greatest common divisor of 7864 and 16?
8
Calculate the highest common factor of 11 and 2794.
11
What is the highest common divisor of 12 and 716?
4
Calculate the greatest common divisor of 1686 and 18.
6
What is the greatest common divisor of 2230 and 60?
10
What is the greatest common divisor of 276 and 644?
92
What is the highest common divisor of 36 and 36?
36
What is the greatest common divisor of 551 and 1189?
29
Calculate the highest common factor of 8720 and 80.
80
What is the highest common factor of 171 and 399?
57
What is the highest common factor of 100 and 380?
20
Calculate the highest common divisor of 42 and 448.
14
Calculate the highest common divisor of 166 and 6.
2
Calculate the highest common divisor of 9920 and 310.
310
What is the greatest common factor of 32 and 16?
16
What is the highest common divisor of 51597 and 9?
9
What is the greatest common factor of 8 and 232?
8
Calculate the greatest common divisor of 150 and 80.
10
What is the highest common factor of 63 and 33264?
63
What is the highest common divisor of 50 and 9025?
25
Calculate the highest common factor of 180 and 13140.
180
Calculate the highest common factor of 210 and 147.
21
What is the highest common divisor of 14 and 50?
2
What is the highest common divisor of 115 and 25?
5
What is the greatest common divisor of 111 and 14097?
111
What is the highest common divisor of 43 and 43?
43
Calculate the greatest common factor of 1107 and 297.
27
What is the highest common divisor of 1748 and 836?
76
Calculate the greatest common factor of 18 and 384.
6
What is the greatest common factor of 1614 and 5111?
269
Calculate the highest common factor of 1 and 97.
1
Calculate the greatest common divisor of 328 and 1107.
41
Calculate the greatest common divisor of 342 and 27.
9
What is the greatest common factor of 287 and 8241?
41
Calculate the highest common factor of 535 and 642.
107
Calculate the greatest common divisor of 72 and 216.
72
Calculate the highest common divisor of 648 and 48.
24
What is the highest common divisor of 28 and 160?
4
What is the greatest common factor of 2451 and 304?
19
What is the greatest common factor of 8646 and 66?
66
Calculate the highest common factor of 65 and 1.
1
What is the highest common factor of 406 and 116?
58
What is the highest common divisor of 369 and 18?
9
What is the greatest common divisor of 510 and 450?
30
What is the highest common factor of 120 and 1380?
60
What is the greatest common divisor of 16 and 1056?
16
Calculate the highest common divisor of 32 and 7312.
16
Calculate the greatest common divisor of 2896 and 32.
16
Calculate the greatest common divisor of 2510 and 10.
10
What is the greatest common divisor of 667 and 696?
29
Calculate the greatest common factor of 3125 and 15.
5
What is the greatest common divisor of 219 and 12?
3
What is the highest common factor of 15 and 1125?
15
What is the greatest common factor of 1281 and 63?
21
What is the greatest common divisor of 8 and 162?
2
What is the greatest common divisor of 27 and 5157?
27
Calculate the greatest common divisor of 555 and 120.
15
Calculate the greatest common divisor of 5184 and 15.
3
What is the highest common divisor of 57 and 1349?
19
Calculate the highest common factor of 22 and 2684.
22
What is the highest common divisor of 3341 and 39?
13
What is the greatest common divisor of 5 and 315?
5
What is the highest common factor of 4431 and 21?
21
Calculate the highest common divisor of 3 and 867.
3
Calculate the greatest common divisor of 810 and 330.
30
Calculate the highest common factor of 783 and 2001.
87
What is the greatest common divisor of 24 and 72?
24
What is the highest common factor of 210 and 5082?
42
Calculate the highest common factor of 143 and 78.
13
What is the greatest common factor of 22 and 1518?
22
What is the greatest common factor of 182 and 2639?
91
What is the greatest common divisor of 462 and 42?
42
Calculate the highest common divisor of 3038 and 343.
49
What is the greatest common factor of 9438 and 24?
6
Calculate the highest common factor of 1415 and 5.
5
Calculate the highest common factor of 24 and 72.
24
Calculate the highest common factor of 126 and 138.
6
What is the highest common factor of 5812 and 8?
4
What is the highest common divisor of 24